{"id":55,"date":"2013-06-24T11:02:57","date_gmt":"2013-06-24T09:02:57","guid":{"rendered":"http:\/\/nagengast-online.de\/?page_id=55"},"modified":"2013-06-24T19:29:11","modified_gmt":"2013-06-24T17:29:11","slug":"grossbaumpflege","status":"publish","type":"page","link":"https:\/\/nagengast-online.de\/?page_id=55","title":{"rendered":"Grossbaumpflege"},"content":{"rendered":"<p>Gepr\u00fcfte Baumpfleger und Forstspeziallisten \u00fcbernehmen f\u00fcr Sie:<\/p>\n<ul>\n<li><span style=\"line-height: 16px;\">Kroneneink\u00fcrzungen und Sicherungsschnitte<\/span><\/li>\n<li>Auslichtungsschnitte<\/li>\n<li>Totholzbeseitung<\/li>\n<li>Lichtraumprofil und Fassadenfreischnitte<\/li>\n<li>Leitungen freischneiden<\/li>\n<li>Abtragen von st\u00f6renden und sichthemmenden B\u00e4umen in Hausg\u00e4rten und Wohnanlagen<\/li>\n<li>Einsatz von Hubarbeitsb\u00fchnen bzw. Klettern in Doppelseiltechnik<\/li>\n<li>Kronen- und Obstbaumschnitt<\/li>\n<li>Entsorgung des anfallenden Materials<\/li>\n<\/ul>\n<p>Alle Arbeiten werden nach den aktuellen Bestimmungen der ZTV Baumpflege durchgef\u00fchrt.<\/p>\n","protected":false},"excerpt":{"rendered":"<p>Gepr\u00fcfte Baumpfleger und Forstspeziallisten \u00fcbernehmen f\u00fcr Sie: Kroneneink\u00fcrzungen und Sicherungsschnitte Auslichtungsschnitte Totholzbeseitung Lichtraumprofil und Fassadenfreischnitte Leitungen freischneiden Abtragen von st\u00f6renden und sichthemmenden B\u00e4umen in Hausg\u00e4rten und Wohnanlagen Einsatz von Hubarbeitsb\u00fchnen &#8230;<\/p>\n","protected":false},"author":1,"featured_media":0,"parent":0,"menu_order":0,"comment_status":"closed","ping_status":"closed","template":"","meta":[],"_links":{"self":[{"href":"https:\/\/nagengast-online.de\/index.php?rest_route=\/wp\/v2\/pages\/55"}],"collection":[{"href":"https:\/\/nagengast-online.de\/index.php?rest_route=\/wp\/v2\/pages"}],"about":[{"href":"https:\/\/nagengast-online.de\/index.php?rest_route=\/wp\/v2\/types\/page"}],"author":[{"embeddable":true,"href":"https:\/\/nagengast-online.de\/index.php?rest_route=\/wp\/v2\/users\/1"}],"replies":[{"embeddable":true,"href":"https:\/\/nagengast-online.de\/index.php?rest_route=%2Fwp%2Fv2%2Fcomments&post=55"}],"version-history":[{"count":2,"href":"https:\/\/nagengast-online.de\/index.php?rest_route=\/wp\/v2\/pages\/55\/revisions"}],"predecessor-version":[{"id":84,"href":"https:\/\/nagengast-online.de\/index.php?rest_route=\/wp\/v2\/pages\/55\/revisions\/84"}],"wp:attachment":[{"href":"https:\/\/nagengast-online.de\/index.php?rest_route=%2Fwp%2Fv2%2Fmedia&parent=55"}],"curies":[{"name":"wp","href":"https:\/\/api.w.org\/{rel}","templated":true}]}}